{"id":276,"date":"2021-02-26T16:44:26","date_gmt":"2021-02-26T16:44:26","guid":{"rendered":"http:\/\/www.gute\u00e4nger.de\/?page_id=276"},"modified":"2025-03-27T17:51:53","modified_gmt":"2025-03-27T17:51:53","slug":"impressum-datenschutz","status":"publish","type":"page","link":"https:\/\/www.gute-aenger.de\/?page_id=276","title":{"rendered":"Impressum &#038; Datenschutz"},"content":{"rendered":"<p class=\"p1\"><span class=\"s1\"><b>Impressum<br \/>\n<\/b><\/span><span class=\"s1\">F\u00f6rderverein der Realschule Freising\u2013 Gute \u00c4nger \u2013 e.V.<\/span><\/p>\n<p class=\"p1\"><span class=\"s1\">vertreten durch:<\/span><\/p>\n<p class=\"p1\"><span class=\"s1\">Helmut Grepmair<br \/>\nWiesenstra\u00dfe 7<br \/>\n85402 Kranzberg<\/span><\/p>\n<p class=\"p1\"><span class=\"s1\">Der F\u00f6rderverein der Realschule Freising &#8211; Gute \u00c4nger &#8211; e.V. aus Freising ist im Register unter der Nummer VR 207815 im Amtsgericht M\u00fcnchen verzeichnet<\/span><\/p>\n<p><span class=\"s1\">E-Mail:\u00a0<a href=\"mailto:info@gute-aenger.de\"><span class=\"s3\">info@gute-aenger.de<\/span><\/a><\/span><span class=\"s2\"><br \/>\n<\/span><span class=\"s1\">Internet:\u00a0<a href=\"http:\/\/www.gute-aenger.de\/\"><span class=\"s3\">www.gute-aenger.de<\/span><\/a><\/span><\/p>\n<p class=\"p1\"><span class=\"s1\">Inhaltlich Verantwortlicher gem\u00e4\u00df \u00a7 55 Abs. 2 RStV: Helmut Grepmair<\/span><\/p>\n<p class=\"p1\">Bankhaus Ludwig Sperrer KG<br \/>\nIBAN: DE38 700 310 000 001 246 362 BIC: BHLS DE M1 XXX<\/p>\n<p class=\"p1\"><span class=\"s1\"><b>Haftungshinweis<br \/>\n<\/b><\/span><span class=\"s1\">Trotz sorgf\u00e4ltiger inhaltlicher Kontrolle \u00fcbernehmen wir keine Haftung f\u00fcr die Inhalte externer Links. F\u00fcr den Inhalt der verlinkten Seiten sind ausschlie\u00dflich deren Betreiber verantwortlich.<\/span><\/p>\n<p class=\"p1\"><span class=\"s1\"><b>Bildnachweise<br \/>\n<\/b><\/span><span class=\"s2\">U<\/span><span class=\"s1\">rheber und Bildquelle der im Original-Layout &#8222;Album Responsive&#8220; verwendeten Bilder:<\/span> <span class=\"s1\">Es wurden nur lizenzfreie Fotos verwendet. Alle weiteren Bilder wurden selbst gemacht und unterliegen dem Urheberrecht des F\u00f6rderverein -Gute \u00c4nger -e.V.<\/span><\/p>\n<p class=\"p4\"><span class=\"s1\"><b>Allgemeine Hinweise<br \/>\n<\/b><\/span><span class=\"s1\">Nachfolgend m\u00f6chten wir Sie \u00fcber die Art, den Umfang und die Zwecke der Erhebung und Verwendung Ihrer personenbezogenen Daten auf unserer Webseite informieren. Wir behandeln personenbezogene Daten gem\u00e4\u00df dieser Datenschutzerkl\u00e4rung und der gesetzlichen Vorschriften grunds\u00e4tzlich vertraulich. Den Schutz Ihrer pers\u00f6nlichen Daten nehmen wir sehr ernst. Wenn Sie unsere Website benutzen, werden verschiedene personenbezogene Daten erhoben. Personenbezogene Daten sind Daten, mit denen Sie pers\u00f6nlich identifiziert werden k\u00f6nnen. Die vorliegende Datenschutzerkl\u00e4rung erl\u00e4utert, welche Daten wir erheben und wof\u00fcr wir diese nutzen. Sie erl\u00e4utert auch, wie und zu welchem Zweck das geschieht. Eine Daten\u00fcbertragung im Internet kann z.B. bei E-Mail-Kommunikation Sicherheitsl\u00fccken aufweisen Wir m\u00f6chten Sie darauf hinweisen, dass ein l\u00fcckenloser Schutz der Daten vor dem Zugriff durch Dritte nicht m\u00f6glich ist. Datenerfassung auf unserer Website <\/span><\/p>\n<p class=\"p4\"><span class=\"s1\"><b>Wer ist verantwortlich f\u00fcr die Datenerfassung auf dieser Website?<br \/>\n<\/b><\/span><span class=\"s1\">F\u00f6rderverein der Realschule Freising &#8211; Gute \u00c4nger -e.V.<\/span><\/p>\n<p class=\"p1\"><span class=\"s2\">V<\/span><span class=\"s1\">ertreten durch:<br \/>\n<\/span><span class=\"s1\">Helmut Grepmair<br \/>\nWiesenstra\u00dfe 7<br \/>\n85402 Kranzberg<\/span><\/p>\n<p class=\"p1\"><span class=\"s1\"><b>Hosting<br \/>\n<\/b><\/span><span class=\"s1\">Unsere in Anspruch genommenen Hosting-Leistungen, um den Betrieb der Homepage sicherzustellen, umfassen folgende Leistungen: Plattformdienstleistungen, Webspace, Datenbank, technische Wartung. <\/span><\/p>\n<p class=\"p4\"><span class=\"s1\"><b>Welche Daten werden erfasst und wie? <\/b><\/span><\/p>\n<p class=\"p4\"><span class=\"s1\"><b>Server-Log-Dateien<br \/>\n<\/b><\/span><span class=\"s1\">Der Provider der Seiten erhebt und speichert automatisch Informationen in so genannten Server-LogDateien, die Ihr Browser automatisch \u00fcbermittelt. Dies sind: <\/span><\/p>\n<ul class=\"ul1\">\n<li class=\"li6\"><span class=\"s2\">Browsertyp und Browserversion <\/span><\/li>\n<li class=\"li6\"><span class=\"s2\">verwendetes Betriebssystem <\/span><\/li>\n<li class=\"li6\"><span class=\"s2\">Referrer URL <\/span><\/li>\n<li class=\"li6\"><span class=\"s2\">Hostname des zugreifenden Rechners <\/span><\/li>\n<li class=\"li6\"><span class=\"s2\">Uhrzeit der Serveranfrage <\/span><\/li>\n<li class=\"li6\"><span class=\"s2\">IP-Adresse <\/span><\/li>\n<\/ul>\n<p class=\"p4\"><span class=\"s1\">Diese werden ben\u00f6tigt, um Angriffe, einen fehlerhaften Code oder allgemeine Fehler zu identifizieren und werden nach vier Wochen vom Webserver automatisch gel\u00f6scht. Eine Zusammenf\u00fchrung dieser Daten mit anderen Datenquellen findet nicht statt. Grundlage f\u00fcr die Datenverarbeitung ist Art. 6 Abs. 1, b DSGVO, der die Verarbeitung von Daten zur Erf\u00fcllung eines Vertrags oder vorvertraglicher Ma\u00dfnahmen gestattet. <\/span><\/p>\n<p class=\"p4\"><span class=\"s1\"><b>Cookies<\/b><br \/>\n<\/span><span class=\"s1\">Die Internetseiten verwenden so genannte Cookies. Cookies richten auf Ihrem Rechner keinen Schaden an und enthalten keine Viren. Cookies dienen dazu, unser Angebot nutzerfreundlicher, effektiver und sicherer zu machen. Cookies sind kleine Textdateien, die auf Ihrem Rechner abgelegt werden und die Ihr Browser speichert. Seite 2 von 3 Die meisten der von uns verwendeten Cookies sind so genannte \u201cSession-Cookies\u201d. Sie werden nach Ende Ihres Besuchs automatisch gel\u00f6scht. Andere Cookies bleiben auf Ihrem Endger\u00e4t gespeichert bis Sie diese l\u00f6schen. Diese Cookies erm\u00f6glichen es uns, Ihren Browser beim n\u00e4chsten Besuch wiederzuerkennen. Sie k\u00f6nnen Ihren Browser so einstellen, dass Sie \u00fcber das Setzen von Cookies informiert werden und Cookies nur im Einzelfall erlauben, die Annahme von Cookies f\u00fcr bestimmte F\u00e4lle oder generell ausschlie\u00dfen sowie das automatische L\u00f6schen der Cookies beim Schlie\u00dfen des Browsers aktivieren. Bei der Deaktivierung von Cookies kann die Funktionalit\u00e4t dieser Website eingeschr\u00e4nkt sein. Cookies, die zur Durchf\u00fchrung des elektronischen Kommunikationsvorgangs oder zur Bereitstellung bestimmter, von Ihnen erw\u00fcnschter Funktionen (z.B. Warenkorbfunktion) erforderlich sind, werden auf Grundlage von Art. 6 Abs. 1, f DSGVO gespeichert. Der Websitebetreiber hat ein berechtigtes Interesse an der Speicherung von Cookies zur technisch fehlerfreien und optimierten Bereitstellung seiner Dienste. <\/span><\/p>\n<p class=\"p4\"><span class=\"s1\"><b>Wof\u00fcr werden erhobene Daten genutzt?<br \/>\n<\/b><\/span><span class=\"s1\">Ein Teil der Daten wird erhoben, um eine fehlerfreie Bereitstellung der Website zu gew\u00e4hrleisten. Andere Daten k\u00f6nnen zur Analyse des Nutzerverhaltens verwendet werden. <\/span><\/p>\n<p class=\"p4\"><span class=\"s1\"><b>Analyse-Tools und Tools von Drittanbietern<\/b><br \/>\n<\/span><span class=\"s1\">Wir verwenden keine Analyse-Tools und Tools von Drittanbietern. <\/span><\/p>\n<p class=\"p4\"><span class=\"s1\"><b>Welche Rechte haben Sie bez\u00fcglich Ihrer Daten?<br \/>\n<\/b><\/span><span class=\"s1\">Auskunft, Sperrung, L\u00f6schung Sie haben jederzeit das Recht unentgeltlich Auskunft \u00fcber Herkunft, Empf\u00e4nger und Zweck Ihrer gespeicherten personenbezogenen Daten zu erhalten. Sie haben au\u00dferdem das Recht, die Berichtigung, Sperrung oder L\u00f6schung Ihrer Daten zu verlangen. Des Weiteren steht Ihnen ein Beschwerderecht bei der zust\u00e4ndigen Aufsichtsbeh\u00f6rde zu. <\/span><\/p>\n<p class=\"p4\"><span class=\"s1\"><b>Widerruf Ihrer Einwilligung zur Datenverarbeitung<br \/>\n<\/b><\/span><span class=\"s1\">Viele Datenverarbeitungsvorg\u00e4nge sind nur mit Ihrer ausdr\u00fccklichen Einwilligung m\u00f6glich. Sie k\u00f6nnen eine bereits erteilte Einwilligung jederzeit widerrufen. Dazu reicht eine formlose Mitteilung per E-Mail an uns. Die Rechtm\u00e4\u00dfigkeit der bis zum Widerruf erfolgten Datenverarbeitung bleibt vom Widerruf unber\u00fchrt. <\/span><\/p>\n<p class=\"p4\"><span class=\"s1\"><b>Ver\u00f6ffentlichung von Daten und Fotos auf der Homepage<\/b><br \/>\n<\/span><span class=\"s1\">In unseren online-Medien wird von Wettbewerben in Ton, Bild, Video und Text berichtet. Au\u00dferdem werden Ergebnislisten dieser Wettbewerbe ver\u00f6ffentlicht. Eine entsprechende Ergebnisliste ist Seite 3 von 3 zwingender Bestandteil des sportlichen Wettkampfes, denn dem sportlichen Wettbewerb ist es immanent, dass man sich mit seinem sportlichen Kontrahenten misst und vergleicht und am Ende feststellt, wer der bessere ist. Diese Feststellung geschieht durch die Ver\u00f6ffentlichung der Ergebnisliste. Damit hat diese aber auch eine Bedeutung f\u00fcr die Zukunft, denn auch zuk\u00fcnftig ist es aus sportlicher Sicht interessant zu wissen, wie der einzelne Teilnehmer bei dem Wettbewerben abgeschnitten hat. <\/span><\/p>\n<p class=\"p4\"><span class=\"s1\">Mit der Teilnahme an einem Wettbewerb erkl\u00e4rt sich der Teilnehmer bereit, dass diese Daten, Bilder, Videos erfasst und ver\u00f6ffentlicht werden. Eine sp\u00e4tere L\u00f6schung dieser oder Streichung insbesondere aus den Ergebnislisten erfolgt daher nicht; auch nicht bei Austritt des Teilnehmers aus dem Verein. <\/span><\/p>\n<p class=\"p4\"><span class=\"s1\">Sportlerinnen und Sportler, die eine Ver\u00f6ffentlichung ihrer Daten in Ergebnislisten sowie Berichterstattung von Wettbewerben mit ihrer Namensnennung oder Ver\u00f6ffentlichung ihrer Person in Ton, Bild oder Film auf dem Siegertreppchen oder Wettkampf nicht w\u00fcnschen, d\u00fcrfen daher nicht an dem Wettbewerb teilnehmen. <\/span><\/p>\n<p class=\"p4\"><span class=\"s1\"><b>Beschwerderecht bei der zust\u00e4ndigen Aufsichtsbeh\u00f6rde<br \/>\n<\/b><\/span><span class=\"s1\">Im Falle datenschutzrechtlicher Verst\u00f6\u00dfe steht dem Betroffenen ein Beschwerderecht bei der zust\u00e4ndigen Aufsichtsbeh\u00f6rde zu. Die Beschwerde kann \u00fcber den Link https:\/\/www.lda.bayern.de\/de\/beschwerde.html an die zust\u00e4ndigen Landesdatenschutzbeauftragten der Aufsichtsbeh\u00f6rde in Bayern erfolgen. <\/span><\/p>\n<p class=\"p4\"><span class=\"s1\"><b>Recht auf Daten\u00fcbertragbarkeit<br \/>\n<\/b><\/span><span class=\"s1\">Sie haben das Recht, Daten, die wir auf Grundlage Ihrer Einwilligung oder in Erf\u00fcllung eines Vertrags automatisiert verarbeiten, an sich oder an einen Dritten in einem g\u00e4ngigen, maschinenlesbaren Format aush\u00e4ndigen zu lassen. Sofern Sie die direkte \u00dcbertragung der Daten an einen anderen Verantwortlichen verlangen, erfolgt dies nur, soweit es technisch machbar ist. <\/span><\/p>\n<p class=\"p4\"><span class=\"s1\"><b>SSL- bzw. TLS-Verschl\u00fcsselung<br \/>\n<\/b><\/span><span class=\"s1\">Diese Seite nutzt aus Sicherheitsgr\u00fcnden und zum Schutz der \u00dcbertragung vertraulicher Inhalte, wie zum Beispiel Bestellungen oder Anfragen, die Sie an uns als Seitenbetreiber senden, eine SSL-bzw. TLS-Verschl\u00fcsselung. Eine verschl\u00fcsselte Verbindung erkennen Sie daran, dass die Adresszeile des Browsers von \u201chttp:\/\/\u201d auf \u201chttps:\/\/\u201d wechselt und an dem Schloss-Symbol in Ihrer Browserzeile. Wenn die SSL- bzw. TLS-Verschl\u00fcsselung aktiviert ist, k\u00f6nnen die Daten, die Sie an uns \u00fcbermitteln, nicht von Dritten mitgelesen werden.<\/span><\/p>\n","protected":false},"excerpt":{"rendered":"<p>Impressum F\u00f6rderverein der Realschule Freising\u2013 Gute \u00c4nger \u2013 e.V. vertreten durch: Helmut Grepmair Wiesenstra\u00dfe 7 85402 Kranzberg Der F\u00f6rderverein der Realschule Freising &#8211; Gute \u00c4nger &#8211; e.V. aus Freising ist im Register unter der Nummer VR 207815 im Amtsgericht M\u00fcnchen verzeichnet E-Mail:\u00a0info@gute-aenger.de Internet:\u00a0www.gute-aenger.de Inhaltlich Verantwortlicher gem\u00e4\u00df \u00a7 55 Abs. 2 RStV: Helmut Grepmair Bankhaus Ludwig &hellip; <\/p>\n<p class=\"link-more\"><a href=\"https:\/\/www.gute-aenger.de\/?page_id=276\" class=\"more-link\"><span class=\"screen-reader-text\">\u201eImpressum &#038; Datenschutz\u201c<\/span> weiterlesen<\/a><\/p>\n","protected":false},"author":1,"featured_media":0,"parent":0,"menu_order":0,"comment_status":"closed","ping_status":"closed","template":"","meta":{"footnotes":""},"class_list":["post-276","page","type-page","status-publish","hentry"],"_links":{"self":[{"href":"https:\/\/www.gute-aenger.de\/index.php?rest_route=\/wp\/v2\/pages\/276","targetHints":{"allow":["GET"]}}],"collection":[{"href":"https:\/\/www.gute-aenger.de\/index.php?rest_route=\/wp\/v2\/pages"}],"about":[{"href":"https:\/\/www.gute-aenger.de\/index.php?rest_route=\/wp\/v2\/types\/page"}],"author":[{"embeddable":true,"href":"https:\/\/www.gute-aenger.de\/index.php?rest_route=\/wp\/v2\/users\/1"}],"replies":[{"embeddable":true,"href":"https:\/\/www.gute-aenger.de\/index.php?rest_route=%2Fwp%2Fv2%2Fcomments&post=276"}],"version-history":[{"count":7,"href":"https:\/\/www.gute-aenger.de\/index.php?rest_route=\/wp\/v2\/pages\/276\/revisions"}],"predecessor-version":[{"id":559,"href":"https:\/\/www.gute-aenger.de\/index.php?rest_route=\/wp\/v2\/pages\/276\/revisions\/559"}],"wp:attachment":[{"href":"https:\/\/www.gute-aenger.de\/index.php?rest_route=%2Fwp%2Fv2%2Fmedia&parent=276"}],"curies":[{"name":"wp","href":"https:\/\/api.w.org\/{rel}","templated":true}]}}