{"id":399,"date":"2023-04-23T15:11:34","date_gmt":"2023-04-23T15:11:34","guid":{"rendered":"https:\/\/www.gute-aenger.de\/?page_id=399"},"modified":"2025-10-16T09:59:28","modified_gmt":"2025-10-16T09:59:28","slug":"download","status":"publish","type":"page","link":"https:\/\/www.gute-aenger.de\/?page_id=399","title":{"rendered":"DOWNLOAD"},"content":{"rendered":"<p><strong><span style=\"color: #ff6600;\">Bezuschussung Klassenfahrt<\/span><\/strong><br \/>\nDer F\u00f6rderverein der Realschule Freising \u2013 Gute \u00c4nger \u2013 e.V.\u00a0 unterst\u00fctzt Sch\u00fclerinnen und Sch\u00fcler und deren Familien finanziell. Wenn die Kosten einer Klassenfahrt f\u00fcr die Familie nicht zu bezahlen sind, kann ein Antrag auf Zuschuss gestellt werden. N\u00e4here Informationen dazu entnehmen Sie dem <a href=\"https:\/\/www.gute-aenger.de\/wp-content\/uploads\/2025\/04\/Informationen_zum_Antrag_Zuschuss_Eltern_2025.pdf\" target=\"_blank\" rel=\"noopener\">Infoblatt<\/a><\/p>\n<p>Den Antrag auf Zuschuss finden Sie <a href=\"https:\/\/www.gute-aenger.de\/wp-content\/uploads\/2025\/04\/Antrag_Zuschuss_Eltern_2025.pdf\" target=\"_blank\" rel=\"noopener\">hier<\/a>.<br \/>\nGeben Sie diesen entweder bei der Klassenleitung oder im Sekretariat ab\u00a0 oder senden es direkt per Mail an uns:<br \/>\n<a href=\"mailto:info@gute-aenger.de\">info@gute-aenger.de<\/a><\/p>\n<div><span style=\"color: #ff6600;\"><b><i data-olk-copy-source=\"MessageBody\">Bezuschussung Tabletanschaffung<\/i><\/b><\/span><\/div>\n<div>Bei der Anschaffung eines Tablets in der 8. Jahrgangsstufe \u00fcbernimmt der Freistaat Bayern im Rahmen des Programms &#8222;Digitale Schule der Zukunft&#8220; die Kosten bis zu einer H\u00f6he von\u00a0350 \u20ac. Wie Sie diese F\u00f6rderung beantragen, k\u00f6nnen Sie dem entsprechenden Elternbrief der Schulleitung entnehmen.<\/div>\n<div><\/div>\n<div>Sind die Kosten insgesamt h\u00f6her als 350,- \u20ac, muss der verbleibende Betrag von den Erziehungsberechtigten \u00fcbernommen werden. Sollte der Restbetrag jedoch die finanziellen Verh\u00e4ltnisse der Familie \u00fcberfordern, ist auch eine F\u00f6rderung dieses Restbetrages \u00fcber das Bildungs- und Teilhabepaket m\u00f6glich, sofern hier eine F\u00f6rderberechtigung (z.B. als B\u00fcrgergeldempf\u00e4nger)\u00a0besteht . In den F\u00e4llen, in denen diese M\u00f6glichkeit nicht besteht, k\u00f6nnen Sie mit\u00a0<a href=\"https:\/\/www.gute-aenger.de\/wp-content\/uploads\/2025\/10\/Antrag_Zuschuss_Tablet_2025-1.pdf\"><u>diesem Formblatt<\/u><\/a>\u00a0auch einen Zuschuss des F\u00f6rdervereins (max. bis zu 100,- \u20ac) beantragen.<\/div>\n<div><\/div>\n<div>Voraussetzungen: (1) Sie erhalten keine Unterst\u00fctzung aus dem Bildungs- und Teilhabepaket (z.B. als B\u00fcrgergeldempf\u00e4nger), (2) sie legen den Kaufbeleg (gerne auch in gescannter Kopie) vor und (3) Sie begr\u00fcnden uns kurz, aber nachvollziehbar, warum sie die verbleibenden Kosten nicht selbst tragen k\u00f6nnen.<\/div>\n<h6><\/h6>\n<p><strong><span style=\"color: #ff6600;\">Aufstellung Projektkosten &#8211; Antrag Kosten\u00fcbernahm<\/span><span style=\"color: #ff6600;\">e<\/span><\/strong><br \/>\nLaden Sie das Formular &#8222;Aufstellung Projektkosten&#8220; herunter und f\u00fcllen Sie es entsprechend aus. Senden Sie es per Mail an <a href=\"mailto:info@gute-aenger.de\">info@gute-aenger.de<\/a> oder geben es im Sekretariat der Schule ab.<\/p>\n<p><a href=\"https:\/\/www.gute-aenger.de\/wp-content\/uploads\/2025\/04\/Projektantrag_FoeV_2025.pdf\">Aufstellung Projektkosten Allgemein<\/a><\/p>\n<p><a href=\"https:\/\/www.gute-aenger.de\/wp-content\/uploads\/2025\/04\/Projektantrag_SMV_TheaterAG_SL_2025.pdf\">Aufstellung Projektkosten-Schulleitung-SMV-TheaterAG<\/a><\/p>\n<p><span style=\"color: #ff6600;\"><strong>Abrechnung<br \/>\n<\/strong><\/span>F\u00fcr die Abrechnung bzw. die Kosten\u00fcbernahme laden Sie das Formular &#8222;Abrechnung-F\u00f6V&#8220; herunter, f\u00fcllen es aus und senden es per Mail an an <a href=\"mailto:info@gute-aenger.de\">info@gute-aenger.de<\/a> oder geben es im Sekretariat der Schule ab.<\/p>\n<p><span style=\"color: #ff6600;\"><a href=\"https:\/\/www.gute-aenger.de\/wp-content\/uploads\/2025\/04\/AbrechnungFoeV_2025.pdf\" target=\"_blank\" rel=\"noopener\">Abrechnung-F\u00f6V<\/a><\/span><\/p>\n<p><strong><span style=\"color: #ff6600;\">Mitgliedsantrag<\/span><br \/>\n<\/strong>Laden Sie den Mitgliedantrag herunter und senden Sie ihn unterschrieben entweder an <a href=\"mailto:info@gute-aenger.de\">info@gute-aenger.de<\/a> oder geben ihn im Sekretariat der Schule ab.<\/p>\n<p><a href=\"https:\/\/www.gute-aenger.de\/wp-content\/uploads\/2025\/04\/MitgliedsantragFoeV_2025.pdf\" target=\"_blank\" rel=\"noopener\">Mitgliedsantrag<\/a><\/p>\n<p>&nbsp;<\/p>\n","protected":false},"excerpt":{"rendered":"<p>Bezuschussung Klassenfahrt Der F\u00f6rderverein der Realschule Freising \u2013 Gute \u00c4nger \u2013 e.V.\u00a0 unterst\u00fctzt Sch\u00fclerinnen und Sch\u00fcler und deren Familien finanziell. Wenn die Kosten einer Klassenfahrt f\u00fcr die Familie nicht zu bezahlen sind, kann ein Antrag auf Zuschuss gestellt werden. N\u00e4here Informationen dazu entnehmen Sie dem Infoblatt Den Antrag auf Zuschuss finden Sie hier. Geben Sie &hellip; <\/p>\n<p class=\"link-more\"><a href=\"https:\/\/www.gute-aenger.de\/?page_id=399\" class=\"more-link\"><span class=\"screen-reader-text\">\u201eDOWNLOAD\u201c<\/span> weiterlesen<\/a><\/p>\n","protected":false},"author":1,"featured_media":0,"parent":0,"menu_order":0,"comment_status":"closed","ping_status":"closed","template":"","meta":{"footnotes":""},"class_list":["post-399","page","type-page","status-publish","hentry"],"_links":{"self":[{"href":"https:\/\/www.gute-aenger.de\/index.php?rest_route=\/wp\/v2\/pages\/399","targetHints":{"allow":["GET"]}}],"collection":[{"href":"https:\/\/www.gute-aenger.de\/index.php?rest_route=\/wp\/v2\/pages"}],"about":[{"href":"https:\/\/www.gute-aenger.de\/index.php?rest_route=\/wp\/v2\/types\/page"}],"author":[{"embeddable":true,"href":"https:\/\/www.gute-aenger.de\/index.php?rest_route=\/wp\/v2\/users\/1"}],"replies":[{"embeddable":true,"href":"https:\/\/www.gute-aenger.de\/index.php?rest_route=%2Fwp%2Fv2%2Fcomments&post=399"}],"version-history":[{"count":49,"href":"https:\/\/www.gute-aenger.de\/index.php?rest_route=\/wp\/v2\/pages\/399\/revisions"}],"predecessor-version":[{"id":602,"href":"https:\/\/www.gute-aenger.de\/index.php?rest_route=\/wp\/v2\/pages\/399\/revisions\/602"}],"wp:attachment":[{"href":"https:\/\/www.gute-aenger.de\/index.php?rest_route=%2Fwp%2Fv2%2Fmedia&parent=399"}],"curies":[{"name":"wp","href":"https:\/\/api.w.org\/{rel}","templated":true}]}}